Station météo à Prades sur Vernazobres - 34 - Languedoc Roussillon - FRANCE

Sélectionner une période :

   

Relevé du 10/2019

NAME: MOERLAND   CITY: Prades-sur-Vernazobre    STATE: Languedoc-Roussillon - Hérault 
                ELEV: 110 m  LAT:   43°26'45.619" N  LONG:   2°58'57.392" E

                        TEMPERATURE (°C), RAIN  (mm), WIND SPEED  (km/h)


                                      HEAT   COOL        AVG
    MEAN                              DEG    DEG         WIND                 DOM
DAY TEMP  HIGH   TIME   LOW    TIME   DAYS   DAYS  RAIN  SPEED HIGH   TIME    DIR
-----------------------------------------------------------------------------------
---------------------------------------------------
 1  19.1  27.0   15:50  11.9    7:15   2.0   2.8   2.2   5.0  75.6   21:30   NNW
 2  19.3  22.4   16:45  16.8    7:45   0.2   1.2   0.0  21.1  93.3   15:40   WNW
 3  18.1  22.6   13:40  12.9   00:00   1.2   1.0   0.0  15.3  75.6   10:00    NW
 4  17.2  22.9   14:15  10.0    7:30   2.5   1.3   0.0  14.3  80.5   17:20     W
 5  17.9  21.2   14:40  13.3   23:10   1.1   0.7   0.0  15.9  96.6    3:05     W
 6  17.2  22.6   16:15  11.4    3:30   2.0   0.9   0.0  15.3  95.0   21:15   WSW
 7  16.7  20.9   17:10  10.9   00:00   1.9   0.3   0.0  16.7  86.9    5:50   WNW
 8  15.7  23.4   13:55   8.5    6:40   4.0   1.4   0.0   3.9  38.6   14:50     W
 9  15.9  21.1   15:15  11.1    7:00   3.0   0.6   0.0   8.4  62.8   15:05   WSW
10  16.4  21.2   16:20  11.8   00:00   2.5   0.6   0.0   9.7  51.5   18:00     W
11  15.0  21.7   13:10   6.7    7:30   4.0   0.7   0.0   3.5  38.6   13:45   ESE
12  18.9  20.4   13:35  17.7    5:55   0.1   0.7   1.8  11.9  49.9   13:20    NE
13  18.4  19.5   15:10  17.7    4:15   0.2   0.3   6.8  11.6  59.5   23:45     E
14  19.3  21.3   14:20  18.1    1:10   0.0   1.0   4.0  15.0  66.0   19:50     E
15  16.2  19.9    0:05  12.3   23:55   2.3   0.1   0.8  18.0 111.0    3:10     W
16  13.3  20.2   13:50   6.8    8:35   5.3   0.2   0.0   2.9  35.4   17:15     W
17  14.6  20.9   14:40   9.0    4:00   4.1   0.4   0.2   2.1  37.0   12:25     E
18  16.4  22.3   16:35  11.4    5:40   2.5   0.8   0.2   1.8  25.7   17:00     E
19
20
21
22
23
24
25
26
27
28
29
30
31
-------------------------------------------------------------------------------------
    17.0  27.0     1     6.7    11    38.7  15.1  16.0  10.7 111.0    15       W

Max >=  32.0:  0
Max <=   0.0:  0
Min <=   0.0:  0
Min <= -18.0:  0
Max Rain: 6.81 ON 13/10/19
Days of Rain: 7 (> .2 mm) 3 (> 2 mm) 0 (> 20 mm)
Heat Base:  18.3  Cool Base:  18.3  Method: Integration
© Copyright - Moerland - Tous droits réservés