Station météo à Prades sur Vernazobres - 34 - Languedoc Roussillon - FRANCE

Sélectionner une période :

   

Relevé du 05/2020

NAME: MOERLAND   CITY: Prades-sur-Vernazobre    STATE: Languedoc-Roussillon - Hérault 
                ELEV: 110 m  LAT:   43°26'45.619" N  LONG:   2°58'57.392" E

                        TEMPERATURE (°C), RAIN  (mm), WIND SPEED  (km/h)


                                      HEAT   COOL        AVG
    MEAN                              DEG    DEG         WIND                 DOM
DAY TEMP  HIGH   TIME   LOW    TIME   DAYS   DAYS  RAIN  SPEED HIGH   TIME    DIR
-----------------------------------------------------------------------------------
-------------------------------------------------------
 1  16.6  21.6   15:55  10.3    2:25   2.7   0.9   0.2  18.8 114.3   21:00     W
 2  19.2  23.8   15:30  14.9    7:25   0.8   1.7   0.2  19.5  99.8   22:05     W
 3  20.8  25.9   15:55  15.1   00:00   0.2   2.7   0.0  15.0  75.6   11:00     W
 4  18.6  25.1   13:55  10.9    6:35   2.1   2.4   0.0   8.5  69.2   13:30   ESE
 5  20.9  28.3   15:45  16.6    3:25   0.4   3.0   0.0   8.7  49.9    3:25    SE
 6  21.9  28.0   14:05  13.2    7:05   0.6   4.2   0.0   9.3  59.5   15:20     S
 7  18.6  24.4   13:20  11.4    7:05   1.7   2.0   0.0   7.2  64.4   14:10   WNW
 8  17.9  23.3   13:45  12.4    4:00   1.8   1.5   0.0   9.0  70.8   14:00     E
 9  16.8  19.4   12:30  15.6    0:20   1.0   0.0   0.6  10.1  57.9   14:40     E
10
11
12
13
14
15
16  19.0  21.6   17:05  15.5   23:25   0.2   0.5   0.8  13.0  56.3   21:00     W
17  19.8  24.2   17:45  13.6    7:00   0.9   2.4   0.0  19.2  86.9   17:10     W
18  20.7  26.4   16:50  11.7    6:35   1.1   3.5   0.0  15.0  86.9   21:20     W
19  23.3  27.4   17:35  17.1    6:30   0.1   5.0   0.0  17.4  69.2   20:00     W
20  24.6  30.5   16:35  15.7    7:00   0.3   6.5   0.0  12.1  67.6   19:00   WNW
21  24.7  31.4   18:40  16.2    6:40   0.2   6.6   0.0   6.1  62.8   12:30   WSW
22  22.4  29.4   13:45  14.6    6:25   0.8   4.9   0.0   4.7  49.9   14:00   ESE
23  19.9  25.5   11:50  14.2   00:00   0.8   2.4   0.0  10.1  77.2   13:55     W
24  19.6  25.7   17:20  10.6    4:50   1.6   2.9   0.0  12.9  62.8   14:35   WNW
25  20.3  27.6   17:10   9.9    6:40   1.8   3.9   0.0   4.5  45.1   14:50   NNW
26  22.4  31.1   17:20  12.9    6:35   1.2   5.3   0.0   5.3  46.7   17:30   SSE
27  19.8  25.8   13:50  12.2    6:30   1.5   2.9   0.0   8.0  74.0   14:00    SE
28  19.7  27.3   14:25  10.9    6:15   2.0   3.4   0.0   6.4  51.5   16:15    SE
29  15.5  16.2    0:05  14.9    1:35   0.2   0.0   0.0   0.8  14.5    0:40     S
30
31
-------------------------------------------------------------------------------------
    20.1  31.4    21     9.9    25    23.9  68.6   1.8  10.5 114.3     1       W

Max >=  32.0:  0
Max <=   0.0:  0
Min <=   0.0:  0
Min <= -18.0:  0
Max Rain: 0.79 ON 16/05/20
Days of Rain: 4 (> .2 mm) 0 (> 2 mm) 0 (> 20 mm)
Heat Base:  18.3  Cool Base:  18.3  Method: Integration
© Copyright - Moerland - Tous droits réservés