Station météo à Prades sur Vernazobres - 34 - Languedoc Roussillon - FRANCE

Sélectionner une période :

   

Relevé du 08/2019

NAME: MOERLAND   CITY: Prades-sur-Vernazobre    STATE: Languedoc-Roussillon - Hérault 
                ELEV: 110 m  LAT:   43°26'45.619" N  LONG:   2°58'57.392" E

                        TEMPERATURE (°C), RAIN  (mm), WIND SPEED  (km/h)


                                      HEAT   COOL        AVG
    MEAN                              DEG    DEG         WIND                 DOM
DAY TEMP  HIGH   TIME   LOW    TIME   DAYS   DAYS  RAIN  SPEED HIGH   TIME    DIR
-----------------------------------------------------------------------------------
-----------------------------------------------------
 1  23.8  31.8   17:40  14.9    6:45   0.6   6.1   0.0  10.1  69.2    7:50     W
 2  27.0  31.9   17:25  20.1    6:35   0.0   8.7   0.0  16.6  77.2   15:00   WNW
 3  27.7  36.2   16:35  17.8    7:05   0.0   9.4   0.0   8.7  67.6   17:15   SSE
 4  26.9  35.2   14:30  17.0    6:40   0.1   8.7   0.0   8.4  77.2   16:25   SSE
 5  26.9  34.2   14:45  19.7    7:05   0.0   8.6   0.0   7.7  62.8   15:35    SE
 6  24.6  29.9   15:55  19.3    7:15   0.0   6.2   0.0   6.6  51.5   14:45   ESE
 7  26.3  32.6   15:15  21.4    5:05   0.0   8.0   0.0   6.4  51.5   16:35    SE
 8  27.5  33.9   15:30  21.1    7:00   0.0   9.2   0.0   7.4  57.9   17:00   WSW
 9  26.1  30.1   15:20  22.2    3:15   0.0   7.7   0.0  11.4  62.8   15:55     E
10  27.0  33.0   15:40  20.9    7:10   0.0   8.7   0.0   6.9  51.5   17:55    SE
11  25.2  32.3   13:40  18.3    7:15   0.0   6.9   0.0  12.2  77.2   19:05   SSE
12  23.4  27.6   14:35  19.8   23:20   0.0   5.1   0.0  14.6  90.1   17:00     W
13  21.6  26.4   14:10  16.4    7:20   0.1   3.5   0.0  15.0  72.4   11:00   WNW
14  22.7  29.3   15:50  14.1    6:15   0.8   5.1   0.0  11.9  77.2   15:55   WSW
15  23.4  28.0   15:15  19.2    5:40   0.0   5.1   0.0  15.9  96.6   14:40     W
16  23.1  32.7   16:30  13.1    7:05   0.8   5.6   0.0   7.4  69.2   16:45     W
17  22.9  31.1   16:05  13.1    7:05   1.0   5.6   0.0   7.6  54.7   16:50   ESE
18  23.9  26.2   12:15  22.6    6:45   0.0   5.6   0.0  12.6  54.7   15:50     E
19  23.2  27.1   18:25  19.9    6:45   0.0   4.9   3.0  10.0  66.0   22:05     W
20  18.3  21.4    0:10  16.6    7:10   0.3   0.3   2.6   4.0  38.6    0:30   WSW
21
22
23
24
25
26
27
28
29
30
31
-------------------------------------------------------------------------------------
    24.6  36.2     3    13.1    16     3.7 129.3   5.6  10.1  96.6    15       W

Max >=  32.0:  8
Max <=   0.0:  0
Min <=   0.0:  0
Min <= -18.0:  0
Max Rain: 3.00 ON 19/08/19
Days of Rain: 2 (> .2 mm) 2 (> 2 mm) 0 (> 20 mm)
Heat Base:  18.3  Cool Base:  18.3  Method: Integration
© Copyright - Moerland - Tous droits réservés